{"id":8,"date":"2026-04-22T11:34:18","date_gmt":"2026-04-22T11:34:18","guid":{"rendered":"http:\/\/akpinarhukuk.com.tr\/?page_id=8"},"modified":"2026-04-22T20:24:38","modified_gmt":"2026-04-22T20:24:38","slug":"ana-sayfa","status":"publish","type":"page","link":"https:\/\/akpinarhukuk.com.tr\/","title":{"rendered":"\u2696\ufe0f Sigorta   Hukuku"},"content":{"rendered":"\n<div class=\"wp-block-group alignfull has-background is-layout-constrained wp-container-core-group-is-layout-cfcca693 wp-block-group-is-layout-constrained\" id=\"contact\" style=\"background:linear-gradient(90deg,rgb(17,17,17) 0%,rgb(11,19,43) 64%,rgb(26,26,26) 98%);padding-top:104px;padding-bottom:104px\">\n<h2 class=\"wp-block-heading has-text-align-center has-text-color\" style=\"color:#ffffff\">Akp\u0131nar Hukuk B\u00fcrosu <\/h2>\n\n\n\n<p class=\"has-text-color has-link-color wp-elements-03354677c837c85b8d0d2bada8430ebd\" style=\"color:#d0d0d0\">Kahramanmara\u015f Avukatl\u0131k ve Hukuki Dan\u0131\u015fmanl\u0131k Hizmetleri <\/p>\n\n\n\n<div class=\"wp-block-buttons alignwide is-horizontal is-content-justification-center is-layout-flex wp-container-core-buttons-is-layout-bba8380a wp-block-buttons-is-layout-flex\" style=\"margin-top:50px\">\n<div class=\"wp-block-button\"><a class=\"wp-block-button__link wp-element-button\">Bize Ula\u015f\u0131n <\/a><\/div>\n<\/div>\n\n\n\n<div class=\"wp-block-columns is-layout-flex wp-container-core-columns-is-layout-28f84493 wp-block-columns-is-layout-flex\">\n<div class=\"wp-block-column is-layout-flow wp-block-column-is-layout-flow\">\n<div class=\"wp-block-columns is-layout-flex wp-container-core-columns-is-layout-28f84493 wp-block-columns-is-layout-flex\">\n<div class=\"wp-block-column is-layout-flow wp-block-column-is-layout-flow\"><\/div>\n<\/div>\n<\/div>\n<\/div>\n<\/div>\n\n\n\n<h2 class=\"wp-block-heading\">                                           Hizmet Alanlar\u0131m\u0131z <\/h2>\n\n\n\n<div class=\"wp-block-columns is-layout-flex wp-container-core-columns-is-layout-28f84493 wp-block-columns-is-layout-flex\">\n<div class=\"wp-block-column is-layout-flow wp-block-column-is-layout-flow\">\n<h2 class=\"wp-block-heading has-large-font-size\" style=\"padding-top:0;padding-bottom:0\">\u2696\ufe0f \u0130cra Hukuku<\/h2>\n\n\n\n<p>Alacak tahsili, haciz i\u015flemleri, icra takipleri<\/p>\n<\/div>\n\n\n\n<div class=\"wp-block-column is-layout-flow wp-block-column-is-layout-flow\">\n<h2 class=\"wp-block-heading has-large-font-size\">\u2696\ufe0f Ceza Hukuku<\/h2>\n\n\n\n<p>Soru\u015fturma,savunma ,dava takibi<\/p>\n<\/div>\n\n\n\n<div class=\"wp-block-column is-layout-flow wp-block-column-is-layout-flow\">\n<h2 class=\"wp-block-heading has-large-font-size\">\u2696\ufe0f Aile Hukuku<\/h2>\n\n\n\n<p>Bo\u015fanma,nafaka,velayet davalar\u0131 <\/p>\n<\/div>\n<\/div>\n\n\n\n<div class=\"wp-block-columns is-layout-flex wp-container-core-columns-is-layout-28f84493 wp-block-columns-is-layout-flex\">\n<div class=\"wp-block-column is-layout-flow wp-block-column-is-layout-flow\"><h2 class=\"alignfull wp-block-post-title\">\u2696\ufe0f Sigorta   Hukuku<\/h2>\n\n\n<p>Trafik kazas\u0131, de\u011fer kayb\u0131, pert ara\u00e7<\/p>\n<\/div>\n\n\n\n<div class=\"wp-block-column is-layout-flow wp-block-column-is-layout-flow\">\n<h2 class=\"wp-block-heading alignwide has-text-align-left\">\u2696\ufe0fGayrimenkul Hukuku<\/h2>\n\n\n\n<p>Tapu, kira, arsa ve ortakl\u0131k davalar\u0131<\/p>\n<\/div>\n<\/div>\n\n\n\n<p><\/p>\n\n\n\n<p><\/p>\n\n\n\n<p><\/p>\n\n\n\n<h2 class=\"wp-block-heading\">Neden Akp\u0131nar Hukuk B\u00fcrosu?<\/h2>\n\n\n\n<p class=\"has-x-large-font-size\">\u2714 G\u00fcvenilir Hukuki Dan\u0131\u015fmanl\u0131k<br>\u2714 H\u0131zl\u0131 Geri D\u00f6n\u00fc\u015f ve \u0130leti\u015fim<br>\u2714 Titiz Dosya Takibi<br>\u2714 Kahramanmara\u015f Yerel Hukuk Tecr\u00fcbesi<br>\u2714 Gizlilik ve \u015eeffaf S\u00fcre\u00e7 Y\u00f6netimi<\/p>\n\n\n\n<p class=\"has-x-large-font-size\"><\/p>\n\n\n\n<p><\/p>\n\n\n\n<h2 class=\"wp-block-heading has-x-large-font-size\">Bize Ula\u015f\u0131n <\/h2>\n\n\n\n<p class=\"has-ast-global-color-8-color has-cyan-bluish-gray-background-color has-text-color has-background has-link-color has-medium-font-size wp-elements-fb4d576d91becf3175b5a305e1cf24e7\">\ud83d\udccd Kahramanmara\u015f \/ T\u00fcrkiye<br>\ud83d\udcde 05414568447<br>\ud83d\udce7 info@akpinarhukuk.com.tr<br>\ud83d\udd58 Hafta \u0130\u00e7i 09:00 &#8211; 18:00<\/p>\n\n\n\n<p class=\"has-ast-global-color-8-color has-text-color has-link-color has-large-font-size wp-elements-359a3df73e11d46e90502fc02adab01f\">\ud83d\udfe2 WhatsApp ile Hemen Ula\u015f\u0131n<\/p>\n\n\n\n<p><a href=\"https:\/\/wa.me\/905414568447\">https:\/\/wa.me\/905414568447<\/a><\/p>\n\n\n\n<p>\u00a9 2026 Akp\u0131nar Hukuk B\u00fcrosu &#8211; T\u00fcm Haklar\u0131 Sakl\u0131d\u0131r<\/p>\n\n\n<ul class=\"wp-block-latest-posts__list wp-block-latest-posts\"><li><a class=\"wp-block-latest-posts__post-title\" href=\"https:\/\/akpinarhukuk.com.tr\/index.php\/2026\/04\/22\/gozaltina-alinan-kisi-icin-ilk-ne-yapilmali\/\">G\u00f6zalt\u0131na Al\u0131nan Ki\u015fi \u0130\u00e7in \u0130lk Ne Yap\u0131lmal\u0131?<\/a><\/li>\n<li><a class=\"wp-block-latest-posts__post-title\" href=\"https:\/\/akpinarhukuk.com.tr\/index.php\/2026\/04\/22\/kahramanmaras-bosanma-avukati-2026-rehberi\/\">Kahramanmara\u015f Bo\u015fanma Avukat\u0131 2026 Rehberi<\/a><\/li>\n<li><a class=\"wp-block-latest-posts__post-title\" href=\"https:\/\/akpinarhukuk.com.tr\/index.php\/2026\/04\/22\/kahramanmaras-icra-takibine-itiraz-suresi-kac-gun\/\">Kahramanmara\u015f \u0130cra Takibine \u0130tiraz S\u00fcresi Ka\u00e7 G\u00fcn?<\/a><\/li>\n<\/ul>","protected":false},"excerpt":{"rendered":"<p>Akp\u0131nar Hukuk B\u00fcrosu Kahramanmara\u015f Avukatl\u0131k ve Hukuki Dan\u0131\u015fmanl\u0131k Hizmetleri Hizmet Alanlar\u0131m\u0131z \u2696\ufe0f \u0130cra Hukuku Alacak tahsili, haciz i\u015flemleri, icra takipleri [&hellip;]<\/p>\n","protected":false},"author":1,"featured_media":0,"parent":0,"menu_order":0,"comment_status":"closed","ping_status":"closed","template":"","meta":{"site-sidebar-layout":"no-sidebar","site-content-layout":"plain-container","ast-site-content-layout":"default","site-content-style":"default","site-sidebar-style":"default","ast-global-header-display":"","ast-banner-title-visibility":"","ast-main-header-display":"","ast-hfb-above-header-display":"","ast-hfb-below-header-display":"","ast-hfb-mobile-header-display":"","site-post-title":"disabled","ast-breadcrumbs-content":"","ast-featured-img":"","footer-sml-layout":"","ast-disable-related-posts":"","theme-transparent-header-meta":"enabled","adv-header-id-meta":"","stick-header-meta":"","header-above-stick-meta":"","header-main-stick-meta":"","header-below-stick-meta":"","astra-migrate-meta-layouts":"default","ast-page-background-enabled":"default","ast-page-background-meta":{"desktop":{"background-color":"var(--ast-global-color-5)","background-image":"","background-repeat":"repeat","background-position":"center center","background-size":"auto","background-attachment":"scroll","background-type":"","background-media":"","overlay-type":"","overlay-color":"","overlay-opacity":"","overlay-gradient":""},"tablet":{"background-color":"","background-image":"","background-repeat":"repeat","background-position":"center center","background-size":"auto","background-attachment":"scroll","background-type":"","background-media":"","overlay-type":"","overlay-color":"","overlay-opacity":"","overlay-gradient":""},"mobile":{"background-color":"","background-image":"","background-repeat":"repeat","background-position":"center center","background-size":"auto","background-attachment":"scroll","background-type":"","background-media":"","overlay-type":"","overlay-color":"","overlay-opacity":"","overlay-gradient":""}},"ast-content-background-meta":{"desktop":{"background-color":"var(--ast-global-color-4)","background-image":"","background-repeat":"repeat","background-position":"center center","background-size":"auto","background-attachment":"scroll","background-type":"","background-media":"","overlay-type":"","overlay-color":"","overlay-opacity":"","overlay-gradient":""},"tablet":{"background-color":"var(--ast-global-color-4)","background-image":"","background-repeat":"repeat","background-position":"center center","background-size":"auto","background-attachment":"scroll","background-type":"","background-media":"","overlay-type":"","overlay-color":"","overlay-opacity":"","overlay-gradient":""},"mobile":{"background-color":"var(--ast-global-color-4)","background-image":"","background-repeat":"repeat","background-position":"center center","background-size":"auto","background-attachment":"scroll","background-type":"","background-media":"","overlay-type":"","overlay-color":"","overlay-opacity":"","overlay-gradient":""}},"footnotes":""},"class_list":["post-8","page","type-page","status-publish","hentry"],"_links":{"self":[{"href":"https:\/\/akpinarhukuk.com.tr\/index.php\/wp-json\/wp\/v2\/pages\/8","targetHints":{"allow":["GET"]}}],"collection":[{"href":"https:\/\/akpinarhukuk.com.tr\/index.php\/wp-json\/wp\/v2\/pages"}],"about":[{"href":"https:\/\/akpinarhukuk.com.tr\/index.php\/wp-json\/wp\/v2\/types\/page"}],"author":[{"embeddable":true,"href":"https:\/\/akpinarhukuk.com.tr\/index.php\/wp-json\/wp\/v2\/users\/1"}],"replies":[{"embeddable":true,"href":"https:\/\/akpinarhukuk.com.tr\/index.php\/wp-json\/wp\/v2\/comments?post=8"}],"version-history":[{"count":6,"href":"https:\/\/akpinarhukuk.com.tr\/index.php\/wp-json\/wp\/v2\/pages\/8\/revisions"}],"predecessor-version":[{"id":41,"href":"https:\/\/akpinarhukuk.com.tr\/index.php\/wp-json\/wp\/v2\/pages\/8\/revisions\/41"}],"wp:attachment":[{"href":"https:\/\/akpinarhukuk.com.tr\/index.php\/wp-json\/wp\/v2\/media?parent=8"}],"curies":[{"name":"wp","href":"https:\/\/api.w.org\/{rel}","templated":true}]}}